nder when 21868 is divided by 15.
13
What is the remainder when 5996 is divided by 365?
156
Calculate the remainder when 48680 is divided by 16213.
41
What is the remainder when 315025 is divided by 261?
259
What is the remainder when 11232 is divided by 622?
36
Calculate the remainder when 3849 is divided by 3749.
100
What is the remainder when 3277 is divided by 16?
13
What is the remainder when 37409 is divided by 30?
29
What is the remainder when 581 is divided by 91?
35
Calculate the remainder when 965 is divided by 132.
41
What is the remainder when 29081 is divided by 29069?
12
Calculate the remainder when 3765 is divided by 1672.
421
Calculate the remainder when 25272 is divided by 168.
72
What is the remainder when 49620 is divided by 51?
48
Calculate the remainder when 11747 is divided by 149.
125
What is the remainder when 2843 is divided by 80?
43
Calculate the remainder when 1620 is divided by 808.
4
Calculate the remainder when 10132 is divided by 9095.
1037
Calculate the remainder when 28006 is divided by 72.
70
Calculate the remainder when 1615273 is divided by 42.
37
What is the remainder when 2041 is divided by 97?
4
Calculate the remainder when 45564 is divided by 64.
60
What is the remainder when 47647 is divided by 189?
19
Calculate the remainder when 1842 is divided by 1179.
663
Calculate the remainder when 82765 is divided by 215.
205
What is the remainder when 3565 is divided by 1167?
64
Calculate the remainder when 4762 is divided by 2324.
114
What is the remainder when 5089 is divided by 566?
561
Calculate the remainder when 11514 is divided by 667.
175
What is the remainder when 1465 is divided by 296?
281
Calculate the remainder when 2543 is divided by 281.
14
What is the remainder when 777 is divided by 206?
159
What is the remainder when 51404 is divided by 208?
28
What is the remainder when 183259 is divided by 111?
109
What is the remainder when 578226 is divided by 4?
2
What is the remainder when 551112 is divided by 19?
17
Calculate the remainder when 39189 is divided by 175.
164
What is the remainder when 35712 is divided by 102?
12
Calculate the remainder when 8392 is divided by 226.
30
Calculate the remainder when 46793 is divided by 74.
25
What is the remainder when 164470 is divided by 164451?
19
What is the remainder when 3938 is divided by 1930?
78
Calculate the remainder when 5048 is divided by 169.
147
Calculate the remainder when 122597 is divided by 278.
277
What is the remainder when 23537 is divided by 3362?
3
Calculate the remainder when 30665 is divided by 301.
264
Calculate the remainder when 138166 is divided by 159.
154
Calculate the remainder when 6754 is divided by 113.
87
Calculate the remainder when 2104 is divided by 576.
376
Calculate the remainder when 68986 is divided by 431.
26
What is the remainder when 17548 is divided by 56?
20
Calculate the remainder when 37038 is divided by 37036.
2
What is the remainder when 2339 is divided by 639?
422
What is the remainder when 3217 is divided by 489?
283
Calculate the remainder when 140952 is divided by 184.
8
What is the remainder when 3980 is divided by 6?
2
What is the remainder when 4807 is divided by 4665?
142
Calculate the remainder when 4375 is divided by 57.
43
Calculate the remainder when 822 is divided by 704.
118
Calculate the remainder when 1450 is divided by 243.
235
What is the remainder when 484784 is divided by 21?
20
What is the remainder when 1673 is divided by 113?
91
What is the remainder when 10233 is divided by 3409?
6
What is the remainder when 4044 is divided by 337?
0
Calculate the remainder when 1444 is divided by 410.
214
Calculate the remainder when 16846 is divided by 16.
14
What is the remainder when 12715 is divided by 476?
339
Calculate the remainder when 9882 is divided by 73.
27
Calculate the remainder when 1635 is divided by 26.
23
Calculate the remainder when 70871 is divided by 188.
183
What is the remainder when 91136 is divided by 329?
3
Calculate the remainder when 26076 is divided by 29.
5
What is the remainder when 2369 is divided by 1181?
7
Calculate the remainder when 10004 is divided by 279.
239
Calculate the remainder when 5765 is divided by 261.
23
Calculate the remainder when 733911 is divided by 26.
9
What is the remainder when 9066 is divided by 1613?
1001
Calculate the remainder when 2309 is divided by 148.
89
What is the remainder when 13594 is divided by 189?
175
Calculate the remainder when 208140 is divided by 69378.
6
Calculate the remainder when 2418 is divided by 19.
5
What is the remainder when 22463 is divided by 439?
74
What is the remainder when 108173 is divided by 21629?
28
Calculate the remainder when 14480 is divided by 2890.
30
What is the remainder when 36104 is divided by 17786?
532
Calculate the remainder when 180 is divided by 85.
10
Calculate the remainder when 3590909 is divided by 64.
61
What is the remainder when 322697 is divided by 100?
97
Calculate the remainder when 25762 is divided by 280.
2
Calculate the remainder when 204328 is divided by 15.
13
What is the remainder when 21801 is divided by 46?
43
Calculate the remainder when 37485 is divided by 46.
41
Calculate the remainder when 2207 is divided by 1366.
841
Calculate the remainder when 737 is divided by 54.
35
What is the remainder when 5435 is divided by 1?
0
What is the remainder when 3708 is divided by 1152?
252
What is the remainder when 37243 is divided by 16?
11
What is the remainder when 286827 is divided by 62?
15
Calculate the remainder when 66094 is divided by 159.
109
What is the remainder when 3127482 is divided by 398?
396
What is the remainder when 110650 is divided by 36874?
28
Calculate the remainder when 4991 is divided by 116.
3
What is the remainder when 180364 is divided by 25765?
9
What is the remainder when 9797 is divided by 24?
5
Calculate the remainder when 25871 is divided by 132.
131
Calculate the remainder when 30464 is divided by 3384.
8
What is the remainder when 24393 is divided by 87?
33
Calculate the remainder when 2092 is divided by 523.
0
What is the remainder when 2222 is divided by 329?
248
What is the remainder when 3987 is divided by 365?
337
What is the remainder when 1483 is divided by 128?
75
Calculate the remainder when 369599 is divided by 33.
32
What is the remainder when 25486 is divided by 374?
54
Calculate the remainder when 249395 is divided by 447.
416
What is the remainder when 20036 is divided by 13?
3
Calculate the remainder when 65079 is divided by 32526.
27
What is the remainder when 22196 is divided by 15?
11
Calculate the remainder when 131225 is divided by 131205.
20
Calculate the remainder when 19078 is divided by 136.
38
Calculate the remainder when 1694151 is divided by 564708.
27
What is the remainder when 4275 is divided by 252?
243
What is the remainder when 8155 is divided by 836?
631
Calculate the remainder when 958 is divided by 59.
14
What is the remainder when 14271 is divided by 25?
21
Calculate the remainder when 9183 is divided by 100.
83
Calculate the remainder when 1820 is divided by 708.
404
Calculate the remainder when 380281 is divided by 18108.
13
Calculate the remainder when 10070 is divided by 146.
142
Calculate the remainder when 1903 is divided by 416.
239
What is the remainder when 3046 is divided by 1512?
22
What is the remainder when 109956 is divided by 491?
463
Calculate the remainder when 22271 is divided by 87.
86
Calculate the remainder when 59300 is divided by 120.
20
Calculate the remainder when 18242 is divided by 110.
92
Calculate the remainder when 15002 is divided by 14979.
23
What is the remainder when 76842 is divided by 205?
172
What is the remainder when 56103 is divided by 362?
355
What is the remainder when 26856 is divided by 363?
357
What is the remainder when 20173 is divided by 144?
13
What is the remainder when 1269 is divided by 299?
73
Calculate the remainder when 6007 is divided by 5951.
56
What is the remainder when 835282 is divided by 564?
562
Calculate the remainder when 8350441 is divided by 893.
891
Calculate the remainder when 4197109 is divided by 79.
76
Calculate the remainder when 1801 is divided by 571.
88
What is the remainder when 17508 is divided by 674?
658
Calculate the remainder 